ctor of v and 14.
14
Let f be 36 - (2 - (1 - 0)). Let v = 30 + -25. Calculate the greatest common divisor of f and v.
5
Let j be 2*(-3)/6 + 1. Let h be (j + -2)/(1/(-2)). Let u(i) = -i**3 + 2*i**2 - i - 4. Let a be u(-3). Calculate the greatest common divisor of a and h.
4
Let h(n) = 3*n - 6*n**2 + 3*n + n**3 + 0*n + 2*n. Let a be h(6). Let w(g) = -g + 2. Let p be w(-4). Calculate the highest common factor of p and a.
6
Let k(p) = 4*p + 0*p - 2*p - 9. Let g be k(8). What is the highest common divisor of 14 and g?
7
Suppose -2*m - 4 = -3*m. Suppose -4*i = -0*i + m*a - 36, -3*a + 18 = 2*i. What is the greatest common divisor of i and 63?
9
Let a(f) = f**3 - f - 1. Let y(q) = -3*q**3 - 5*q**2 + 7*q. Let g(z) = 4*a(z) + y(z). Let j be g(5). What is the greatest common divisor of 121 and j?
11
Suppose 3*f = -f + 24. Let d = 1 + -5. Let o(t) = t**3 + 5*t**2 - t - 2. Let c be o(d). Calculate the highest common divisor of f and c.
6
Let n be ((-8)/5)/(-2*8/280). What is the highest common divisor of n and 4?
4
Let z be (-506)/(-34) + (-10)/(-85). Let k(h) = h**3 + 3*h**2 - 6*h - 5. Let t be k(5). What is the highest common factor of z and t?
15
Suppose 5*a = 4*l - 10, 0 = 6*a - 3*a + 5*l + 6. Let g(x) = -4*x - 1. Let z be g(a). What is the greatest common factor of 77 and z?
7
Suppose q + 3*q = -24. Let r be 75 - (-2 - (q + 2)). Let i = -23 + r. Calculate the highest common factor of 20 and i.
10
Suppose 0*j + 228 = 2*j. Calculate the highest common factor of j and 6.
6
Suppose -102 = -5*z + 348. Let n(r) = r**2 - r - 20. Let w be n(-7). What is the greatest common factor of z and w?
18
Let m = -31 - -157. What is the highest common divisor of m and 18?
18
Let m(q) = -q**2 + 5*q - 1. Let i be m(4). Suppose -i*d - 2*d = -45. What is the highest common factor of 72 and d?
9
Let u = -4 - -1. Let y be 9/4 - u/(-12). Suppose -o - 2*b + 6 = 0, -3*o = -o - 2*b - 6. Calculate the highest common divisor of y and o.
2
Let w be 10 + -3 + -3 + 0. Let b be (-4 - (-3 + -2)) + 3. What is the greatest common divisor of b and w?
4
Suppose -65 = 2*i - 205. Suppose -4*h - h + 5*x + i = 0, -h + 22 = x. What is the highest common factor of h and 27?
9
Let s = 427 - 182. Calculate the highest common divisor of 35 and s.
35
Suppose -2*q = -4*q - 2*x + 166, 5*x = 3*q - 209. Calculate the greatest common divisor of q and 52.
26
Let c be (2/(-6))/((-6)/360). What is the greatest common divisor of 260 and c?
20
Suppose 2*p = -i - 1, -5 = p - 3. Suppose z - 240 = -i*z. Let w(l) = l**2 + 5*l. Let g be w(-8). Calculate the greatest common divisor of g and z.
12
Suppose -2*s = -2*b + 24, -5 = -b + 3*s + 13. Let f(z) = 7*z**2 - 42*z + 6. Let h be f(6). Calculate the greatest common divisor of b and h.
3
Suppose 10 = -2*f, -2*x - 4*f = -3*x + 26. Calculate the greatest common divisor of 54 and x.
6
Let z(v) = -v**3 + 7*v**2 - 3*v - 4. Let k be (-152)/(-26) + (-2)/(-13). Let r be z(k). What is the highest common divisor of r and 14?
14
Let a be (-2)/4 + 11/2. Suppose -2*l = 2*l + 8. Let d = l - -4. Calculate the highest common factor of a and d.
1
Let r = -8 + 10. Suppose -5*g + 84 = -r*g. Calculate the highest common divisor of 7 and g.
7
Let x be 3978/143 + (-4)/(-22). What is the greatest common divisor of 14 and x?
14
Suppose g - 3*g = -168. Suppose -g + 315 = 3*c. What is the highest common divisor of 11 and c?
11
Let p be (-5)/(-3)*(-4 + 7). Suppose -3*v - 498 = p*f, -5*v - 657 - 189 = 3*f. Let b be v/(-2)*6/9. Calculate the greatest common factor of 19 and b.
19
Let z(s) = -s**3 + 5*s**2 + 7. Let b be z(5). Let x be (-14)/(-8) - (-9)/(-12). Calculate the highest common divisor of x and b.
1
Let m(w) = -w**2 - 10*w - 12. Let h be m(-8). What is the greatest common factor of 2 and h?
2
Suppose 0 = 3*k - 46 - 8. What is the greatest common divisor of k and 18?
18
Suppose 0*a + 4*a + 40 = 0. Let g be 261/15 - (-4)/a. Suppose 0 = 5*u + j - 20, -3 - g = 4*j. Calculate the highest common divisor of 15 and u.
5
Let b = -15 - -26. Let w(z) = z**3 - 3*z**2 - 4*z + 6. Let o be w(4). Let i be (-1)/3 - (-596)/o. Calculate the greatest common divisor of b and i.
11
Suppose 4*r - 68 = -5*x, -r - 1 + 3 = 0. Let g(o) = o**2 + 2*o + 2. Let z be g(-2). Suppose -34 = -2*d + z. What is the greatest common factor of d and x?
6
Suppose -2*m = 3*f - 38, 0*m = 3*f - 2*m - 46. Let l be (-3 - 2) + 2/(-2). Let u be -18*(1*l + -1). What is the highest common factor of f and u?
14
Let b be (21/(-1))/(3/(-12)). What is the highest common divisor of b and 28?
28
Suppose 0*i = -4*f + 3*i + 49, 43 = 3*f - i. Calculate the highest common factor of 2 and f.
2
Let g(v) = -v**3 - 4*v**2. Let t be g(-4). Let z = t + 1. What is the greatest common divisor of z and 5?
1
Let w = 89 + -78. Calculate the highest common factor of 44 and w.
11
Let v = -15 - -9. Let g(n) = -n**3 - 4*n**2 + 8*n + 6. Let q be g(-5). Let a be (v/4)/(q/132). What is the greatest common factor of 11 and a?
11
Let c = -7 - -12. Let b(j) = 0*j**3 + j - 3*j**2 + 0*j**3 - 2*j**2 + j**3. Let s be b(c). What is the highest common divisor of s and 25?
5
Suppose -3*a = -a + 8. Let q = a + 6. Suppose -12 = -7*s + 3*s. What is the greatest common factor of s and q?
1
Let y = -78 - -89. What is the greatest common divisor of 209 and y?
11
Suppose -10 = -5*x + 2*z, -4*z - 3 = -x - 1. Let q be ((-9)/6 + x)*264. What is the greatest common factor of 12 and q?
12
Suppose q + 102 = 2*t + 3*q, 3*t = 3*q + 135. What is the highest common divisor of t and 12?
12
Suppose 6*k - 53 = 67. Let c(y) = 5*y**2 - y - 1. Let z be c(-1). What is the greatest common divisor of z and k?
5
Suppose 4*v = -0*v + 60. Suppose -2*c + n + v = 0, 4*c - 60 = -0*c - 4*n. Calculate the greatest common divisor of 90 and c.
10
Suppose -5*g - 3*w = -2*w - 32, -4*g + 16 = -4*w. Calculate the greatest common factor of 3 and g.
3
Suppose -11*b + 16*b - 40 = 0. Calculate the highest common divisor of 72 and b.
8
Let m(i) = -27*i - 21. Let w be m(-2). Calculate the greatest common divisor of 88 and w.
11
Suppose 5*w = 4*w + 20. Let r(f) = -180*f**3. Suppose 0 - 1 = b. Let v be r(b). What is the greatest common factor of w and v?
20
Let x(c) = c - 2. Suppose -3*d - 5*k + 0*k + 25 = 0, 0 = -2*k + 10. Suppose -y + 4*y - 27 = d. Let l be x(y). Calculate the greatest common divisor of 28 and l.
7
Suppose 0 = 3*r - 2*i, -i = r - 4*i + 7. Let t = 2 + r. Calculate the greatest common factor of t and 4.
4
Let m = -46 - -70. Let a be (m/(-10))/((-4)/30). What is the highest common factor of 6 and a?
6
Let t(d) = -11*d + 7. Let a be t(-6). Suppose 2*p + z = 6*z + a, -3*p = 5*z - 147. Suppose 5*r = r + p. Calculate the highest common divisor of 121 and r.
11
Suppose 82*q + 40 = 86*q. What is the greatest common divisor of 70 and q?
10
Let q(z) = -z**2 + 3*z + 2. Let u be q(4). Let d be 93/(21/6 + -2). Let c be u - (-2 - -1)*d. What is the highest common factor of c and 40?
20
Let p(y) = -1 - y**2 + 6*y + 6*y**2 - 3*y - y**2. Let l = 5 - 8. Let v be p(l). What is the greatest common factor of v and 39?
13
Let w = -6 + 8. Suppose 0 = 2*x + a + 8 - 30, w*x - 30 = -5*a. Calculate the greatest common factor of 110 and x.
10
Let i be ((-2)/8*0 - 2)*-4. Suppose -o = -3*o. Let w be (-1 - o)*1*-8. Calculate the greatest common divisor of i and w.
8
Suppose -5*u - 1460 = -4*s, 2*s = -2*u + u + 716. Suppose 0 = 5*m + 5*f - s, -3*f - 2*f - 200 = -3*m. Calculate the greatest common factor of m and 14.
14
Let u(p) = 8*p**3 - p. Let r(o) = -o**2 - 3*o + 5. Let q be r(-4). Let v be u(q). Let y be (-1 + -7)*(-7)/v. Calculate the greatest common divisor of y and 80.
8
Let z(v) = v**2 + 9*v + 12. Let l be z(-8). Suppose c = l*c - 9. Suppose 3*h - 5 = -2*r + c, r = -3*h + 4. Calculate the greatest common factor of r and 28.
4
Let u = -12 + 20. Suppose -4*j = -3*j - 273. Suppose -4*w - 3*r = -j, r - 308 = -4*w + 5*r. Calculate the greatest common factor of w and u.
8
Suppose 2*t + 3*t = 5*l - 35, 2*l = 5*t + 8. Suppose -3*i = -4*s + 1, -i = 4*s + i - 6. Calculate the greatest common factor of s and l.
1
Let r be 4/18 - (-47)/(-9). Let h(w) = 2108 - w - w - 2115. Let v be h(r). What is the highest common factor of 27 and v?
3
Suppose -m + v = -4*v + 1, -4*m - 2*v = -84. Let o(x) = -x**2 - 6*x - 3. Let t be o(-5). Let n be 1